= 1 - 4*f**3 - 3*f**2 + f**2 + 8*f - 3*f. Suppose 0 = -l - 2*s, -s + 10 = -0*l - 2*l. Is t(l) composite?
True
Is (16 + 5)/7 + 6 + 1178 a composite number?
False
Suppose -3*a = -0*a + 4*r - 10, -3*a + 2 = -4*r. Suppose 4*g - 5*j = 3042, -6*g + a*j + 3811 = -g. Is g a composite number?
True
Let f(w) be the third derivative of 13*w**5/15 + w**4/12 - w**3/3 + 3*w**2. Let l be f(2). Let s = -95 + l. Is s prime?
False
Let l(u) = -72*u - 13. Suppose -2*k = -4*k + 12. Suppose p = -k - 0. Is l(p) composite?
False
Let z(a) = a**2 - 17*a - 7. Is z(-19) a composite number?
False
Is (-52)/8*(-172 - -6) prime?
False
Suppose 0 = 3*p + 5*y - 21567, 5*p - 35955 = 4*y - 9*y. Suppose 0 = 6*k - 2640 - p. Is k prime?
False
Let v(f) = f**3 - 6*f**2 + 2*f + 4. Let i be v(6). Suppose -24 = 2*u + q, 0*q = -4*q + i. Is 15/(-35) - 4640/u a composite number?
False
Is (-4 - (-156)/40) + 2862459/90 a composite number?
True
Let p = -921 - -1828. Is p prime?
True
Let z(a) = a**3 + 3*a**2 - a. Let y be z(-3). Suppose 3*k + 37 = -0*v - 2*v, -5*k - 49 = -y*v. Let j = 44 + k. Is j a composite number?
True
Suppose z - 576 = -3*z. Suppose 2*g - 1247 = -5*a + z, 0 = a + 3*g - 286. Is a prime?
True
Let m(d) = 14*d**3 + 2*d**2 - 4*d - 1. Suppose 18 = 3*h - 0*h. Suppose -5*p = -8*p + h. Is m(p) a composite number?
True
Suppose -1237021 - 1534149 = -34*r. Is r prime?
False
Let s = -2 + 6. Let g be 5/((-80)/s)*-8. Suppose 5*f + 2*h - 2005 = -3*h, 786 = 2*f - g*h. Is f a composite number?
False
Let p(d) = -11*d**3 - 45*d**2 + 3*d + 13. Is p(-6) a prime number?
True
Let n(k) = 61*k**3 + 6*k**2 - 4*k - 2. Let y be n(4). Let m = y + -2603. Is m a composite number?
True
Let y(q) = 118*q**2 - 91*q + 444. Is y(5) prime?
True
Let i(h) = 20*h**3 - 11*h**2 + 2*h - 25. Is i(8) composite?
True
Let a be (-2*2775/24)/(2/(-8)). Suppose -3*x + 8*x - a = 0. Is x composite?
True
Suppose 3*b - 2303 = 5*b - 5*f, -4*b = 2*f + 4570. Let l = b - -4061. Is l prime?
True
Suppose 4*i - 5*w = 71 + 474, -2*w + 250 = 2*i. Suppose 4*v - 590 + i = 0. Is v composite?
True
Let i(b) = 1563*b - 135. Is i(4) prime?
False
Let c(b) = -112*b - 3. Let v(a) = 5*a**2 - 1. Let q be v(1). Suppose -i = i + q. Is c(i) a composite number?
True
Let p be 1286/30 + 10/75. Suppose -u - p = -306. Is u composite?
False
Suppose 2*k + 2181 + 6714 = c, -3*c - 2*k + 26701 = 0. Is c composite?
True
Is 6389/(1 + 1 + -1) a prime number?
True
Suppose -4*s = -6*s - 2. Let w be 2/s*(-5)/2. Suppose 0 = -a - 3*c + c + 11, 0 = -w*a + c + 77. Is a a composite number?
True
Let f(d) = -146*d + 1. Let n be f(-3). Suppose 5*l - 3*q = 4*l + 98, 5*l + 2*q = n. Let v = l + 312. Is v prime?
True
Suppose 5*g - 205 = 3*u, -45 = -2*g - 5*u + 6. Let v = 103 - g. Is v prime?
False
Suppose 0 = -5*l + 32235 + 45450. Is l a composite number?
True
Let d(i) = -i**3 + 4*i**2 + 2*i - 4. Let a be d(4). Suppose 0 = -0*k - k - a. Let l(b) = -24*b - 7. Is l(k) a composite number?
False
Let b = -321 + 689. Let i = 33 - b. Is 0 - (i - (1 - 5)) a composite number?
False
Let y = -15134 - -22652. Suppose y + 4997 = 5*n. Is n prime?
True
Let r be (-1 - 2)/((-1)/10). Suppose 0 - r = -5*i. Suppose i*m - 266 = 4*m. Is m a composite number?
True
Suppose 32*o = 570618 - 81722. Is o composite?
True
Let k(s) be the third derivative of s**5/60 + s**4/4 - 3*s**2. Let y be k(-6). Suppose 5*x - 741 + 106 = y. Is x composite?
False
Suppose -5*a + v + 34286 - 12936 = 0, 4*a - 17059 = 5*v. Is a a prime number?
True
Let u = -388 + 725. Suppose -2*z + z = -u. Let b = 542 - z. Is b prime?
False
Let o(z) = 102*z**3 - z**2 + z. Let a be o(1). Let u be 2/(-17) + (-294)/a. Is 1563*u/(-18)*2 a prime number?
True
Let w = -73 - -73. Suppose 439 = 3*k - 5*j, w = -3*k + 2*j + j + 435. Is k prime?
False
Suppose -55*z + 58*z = 7617. Is z a prime number?
True
Let o(p) = p**3 - 18*p**2 - 18*p - 17. Let r be o(19). Suppose 2*u - 4183 = -r*z + 765, -5*u + 12364 = -z. Is u prime?
True
Let z(h) = 611*h - 297. Is z(14) a composite number?
True
Let t = 15787 + -9366. Is t a prime number?
True
Suppose 4*b = 12, -2*d + 5*b = 168 + 7. Let y be ((-10)/15)/(2 + 980/(-489)). Let r = d + y. Is r prime?
True
Suppose p - 2*v + 15339 = 2*p, 5*p = -3*v + 76681. Is p composite?
True
Let l(u) = -u**3 - 7*u**2 + 15*u + 13. Suppose 0 = 3*z + 4*o - 22, -39 - 13 = -5*z + o. Let r = z - 20. Is l(r) a prime number?
True
Let y(n) = -14*n**2 - n + 4. Let b(w) = -w + 1. Let k(h) = -3*b(h) - y(h). Is k(3) prime?
True
Suppose 25*d - 95072 = -7*d. Is d composite?
False
Let j = 2101 - -4332. Is j a composite number?
True
Let k = 9525 - 6688. Is k a prime number?
True
Suppose f - 3*y = 130564, 0 = 3*f - 14*y + 19*y - 391650. Is f prime?
False
Let g = -53249 + 95556. Is g prime?
True
Suppose o - 7179 = -3*p, -p + 5*p - 21537 = -3*o. Is o prime?
False
Let p(v) = -4*v**2 - 18*v + 26. Let s(d) = d**2 - 1. Let r(u) = -p(u) - 2*s(u). Let b be r(11). Let n = -289 + b. Is n prime?
True
Is ((-1486)/(-4))/((-5)/(-10)) a composite number?
False
Let i(d) = 2*d - 13. Let p be i(9). Suppose -s = -2*k + 3879, 2*k + p*s - 3876 = 3*s. Is k prime?
False
Let a = 63 - 45. Let b be (-2)/9 + 4954/a. Let o = b - 114. Is o composite?
True
Suppose -122 = -2*i + 304. Suppose -2*x = i - 1171. Is x a prime number?
True
Suppose 104213 = 9*k - 8386. Is k composite?
False
Let c = -21 - -21. Suppose c = -3*s + 2*l + 1059, -4*s - l + 1765 = s. Is s prime?
True
Suppose 5*l = 5*h + 48625, -4*l = -143*h + 138*h - 38898. Is l a prime number?
False
Suppose -4*w = -z - 16, -3*w + 6 + 6 = z. Let d(t) = 10*t + w - 5 + t**2 + 5. Is d(-10) a prime number?
False
Let l(v) = -v**2 + 6*v + 6. Let f be l(6). Suppose f*d - 819 = 2*d - 5*b, 5*d - b = 1060. Is d a composite number?
False
Let l(i) be the first derivative of i**3/3 + 3*i**2/2 + 4*i - 8. Let w be l(-3). Suppose -w*z - 5*r + 1055 = z, -r + 844 = 4*z. Is z a composite number?
False
Suppose 0 = 23*m - 2943 - 16676. Is m prime?
True
Suppose 22*m - 765 = 4823. Is m a prime number?
False
Is 20759 - ((-5)/5 - -3 - 4) a prime number?
False
Suppose 5*s = -3*n + n + 850, -4*s + 428 = n. Suppose -w + 211 = -n. Is w a prime number?
True
Suppose -5*u + 308565 = -7*c + 3*c, 61692 = u - 5*c. Is u prime?
True
Let g be -1 + (-7)/(21/(-9)). Let v(i) = 3*i - 2 + g*i - 1 + 0*i. Is v(2) composite?
False
Suppose u = 2*u + 2. Let b be u/(-13) - 25816/(-13). Suppose b = 4*j + 2*j. Is j a prime number?
True
Let l(w) be the third derivative of -w**6/20 - w**5/30 + w**3/6 - 6*w**2. Let r be l(-1). Suppose c - b - 39 = r, -5*c + b + 240 = 0. Is c a prime number?
False
Is (7 + -19740)/(0 - 1) a prime number?
False
Let b = 13 + -10. Is -3820*(33/12 - b) composite?
True
Suppose -5 = c + 4*c. Let l(t) = -63*t + 4. Let x(m) = -32*m + 2. Let j(v) = -3*l(v) + 7*x(v). Is j(c) composite?
False
Suppose -2*r + 2977 = 2*z - 6139, -3*z + 3*r + 13644 = 0. Is 2*z/8 + 9/12 prime?
False
Suppose -5*t - 37 = 568. Let v = 372 - t. Suppose -2*c - 2*x + 324 = -3*x, 0 = -3*c + 5*x + v. Is c composite?
True
Suppose -2146 = -20*b + 3674. Is b a prime number?
False
Suppose 82*h - 1177 = 81*h. Is h composite?
True
Let l(q) = 6*q**3 - q**2 + 4*q + 1. Let r be 11/(55/20) - (1 + 1). Is l(r) prime?
True
Let l = -4465 - -6716. Is l a composite number?
False
Let m be 12/((-1)/(1 - 2)). Is -4*((-75)/m + -3) a prime number?
True
Let h be (-20994)/(-10) - 27/(-45). Suppose 54*f = 59*f - h. Is (5 + -4 - 2) + f composite?
False
Suppose -3*r + 2*k - 2392 = r, -5*r - 2976 = k. Let j = r + 889. Is j prime?
True
Suppose 0 = -5*n + 2*m - 821, 225 = -3*n + 3*m - 273. Let o = -527 + n. Let c = o + 2639. Is c a composite number?
False
Suppose 0*q + 8 = -2*q. Let l be 203*q*4/(-16). Suppose 6*y - 305 = 3*y - 4*j, -2*y = 3*j - l. Is y composite?
False
Let z = 161 + -152. Let d(w) = 38*w**2 - 9*w + 22. Is d(z) composite?
False
Let h(b) = -3*b - 14. Let f be h(-6). Suppose 1495 = 9*z - f*z. Is z composite?
True
Let o = -22 + 31. Let w be 34/o - (-4)/18. Suppose -370 = -c - w*c. Is c prime?
False
Let z = 9 + -13. Let a be -4020*((-18)/z)/3. Is (-2)/3*a/12 a composite number?
True
Suppose 5916 = 12*j - 0*j. Is j prime?
False
Let l be ((-10)/40)/(2/(-24)). Suppose -m = w - 2455, -l*w - 6*m + 4*m = -7364. Is 2/(-11) - w/(-66) composite?
False
Let j be (-30)/(-5) + 1 - 3. Suppose 5*b - j*f - 3954 = 0, 4*b 